325?
5
What is the units digit of 51126862?
2
What is the tens digit of 5513698262?
6
What is the thousands digit of 1158005588?
5
What is the ten thousands digit of 2299005547?
0
What is the thousands digit of 29234529?
4
What is the millions digit of 1563075015?
3
What is the thousands digit of 169463003?
3
What is the hundreds digit of 175090129?
1
What is the ten thousands digit of 225142306?
4
What is the thousands digit of 278298840?
8
What is the tens digit of 1185045656?
5
What is the millions digit of 464399671?
4
What is the ten thousands digit of 40591309?
9
What is the units digit of 2592731845?
5
What is the millions digit of 1702783380?
2
What is the units digit of 265466467?
7
What is the ten thousands digit of 1985344246?
4
What is the thousands digit of 8625570?
5
What is the ten thousands digit of 37823290?
2
What is the hundred thousands digit of 165443338?
4
What is the ten millions digit of 17383106?
1
What is the millions digit of 729057250?
9
What is the ten thousands digit of 48377980?
7
What is the hundreds digit of 447363360?
3
What is the thousands digit of 226756537?
6
What is the ten thousands digit of 87121082?
2
What is the millions digit of 99188069?
9
What is the millions digit of 14925905?
4
What is the hundred millions digit of 6834777381?
8
What is the ten thousands digit of 2212669474?
6
What is the millions digit of 7090393234?
0
What is the ten thousands digit of 201544898?
4
What is the hundred thousands digit of 1347846049?
8
What is the ten thousands digit of 66735554?
3
What is the hundred thousands digit of 15175960?
1
What is the ten thousands digit of 187953492?
5
What is the hundreds digit of 174326299?
2
What is the thousands digit of 2214385932?
5
What is the ten millions digit of 5814595962?
1
What is the thousands digit of 3242856?
2
What is the hundreds digit of 302240508?
5
What is the tens digit of 427481886?
8
What is the millions digit of 606762587?
6
What is the ten millions digit of 28034484?
2
What is the tens digit of 1896372428?
2
What is the ten thousands digit of 63794161?
9
What is the millions digit of 225505778?
5
What is the ten millions digit of 73621202?
7
What is the ten thousands digit of 313559200?
5
What is the units digit of 32765676?
6
What is the ten millions digit of 1185890878?
8
What is the billions digit of 1452761577?
1
What is the billions digit of 3831737494?
3
What is the thousands digit of 362341024?
1
What is the ten thousands digit of 1346224110?
2
What is the ten millions digit of 351981213?
5
What is the hundreds digit of 48033769?
7
What is the thousands digit of 36689064?
9
What is the hundred thousands digit of 3975168316?
1
What is the units digit of 466057091?
1
What is the units digit of 404130224?
4
What is the hundreds digit of 10715285?
2
What is the thousands digit of 877833813?
3
What is the ten thousands digit of 60047784?
4
What is the hundred millions digit of 5397350808?
3
What is the ten thousands digit of 4632178015?
7
What is the hundreds digit of 133001130?
1
What is the hundred thousands digit of 88829927?
8
What is the billions digit of 9359803017?
9
What is the tens digit of 802023160?
6
What is the ten thousands digit of 55382357?
8
What is the hundreds digit of 49864200?
2
What is the units digit of 780073753?
3
What is the ten millions digit of 125547222?
2
What is the hundred thousands digit of 12171904?
1
What is the hundred millions digit of 378796113?
3
What is the ten millions digit of 111219200?
1
What is the tens digit of 9744289?
8
What is the ten millions digit of 24707478?
2
What is the hundreds digit of 2602323473?
4
What is the thousands digit of 256523611?
3
What is the hundreds digit of 325958331?
3
What is the tens digit of 113251307?
0
What is the hundred millions digit of 1908502179?
9
What is the ten thousands digit of 107993497?
9
What is the tens digit of 57055399?
9
What is the ten thousands digit of 28836976?
3
What is the hundred millions digit of 6942312204?
9
What is the ten thousands digit of 144873494?
7
What is the ten thousands digit of 796900831?
0
What is the ten thousands digit of 258455396?
5
What is the hundred thousands digit of 242185693?
1
What is the hundreds digit of 14976329?
3
What is the hundred thousands digit of 132671451?
6
What is the hundreds digit of 66178020?
0
What is the tens digit of 6161276569?
6
What is the tens digit of 150006503?
0
What is the thousands digit of 1498110020?
0
What is the hundred thousands digit of 19234448?
2
What is the hundreds digit of 249632012?
0
What is the ten millions digit of 722002913?
2
What is the ten millions digit of 1188743049?
8
What is the tens digit of 45235231?
3
What is the units digit of 2994485787?
7
What is the tens digit of 36015922?
2
What is the thousands digit of 3944829491?
9
What is the ten millions digit of 103742004?
0
What is the units digit of 52357971?
1
What is the thousands digit of 2255682?
5
What is the millions digit of 1420656266?
0
What is the thousands digit of 3668828?
8
What is the tens digit of 183451918?
1
What is the millions digit of 2621967429?
1
What is the units digit of 1214393514?
4
What is the ten thousands digit of 26475722?
7
What is the units digit of 18890275?
5
What is the ten millions digit of 76465902?
7
What is the units digit of 8232425?
5
What is the millions digit of 447114433?
7
What is the thousands digit of 23067902?
7
What is the hundred thousands digit of 32424358?
4
What is the thousands digit of 5208023015?
3
What is the thousands digit of 2549667160?
7
What is the ten thousands digit of 65460490?
6
What is the thousands digit of 76882123?
2
What is the tens digit of 8901643969?
6
What is the thousands digit of 514813250?
3
What is the hundred thousands digit of 126314247?
3
What is the hundreds digit of 65112101?
1
What is the tens digit of 348899649?
4
What is the thousands digit of 1073481998?
1
What is the hundred thousands digit of 2930439911?
4
What is the thousands digit of 50522109?
2
What is the hundred thousands digit of 207986684?
9
What is the millions digit of 3382074422?
2
What is the ten thousands digit of 33015340?
1
What is the ten millions digit of 24946009?
2
What is the tens digit of 1678679861?
6
What is the tens digit of 80393613?
1
What is the millions digit of 98979654?
8
What is the ten millions digit of 877569097?
7
What is the ten millions digit of 2249314400?
4
What is the units digit of 14270890?
0
What is the ten thousands digit of 413583239?
8
What is the hundred millions digit of 518397208?
5
What is the billions digit of 2303118701?
2
What is the units digit of 22269837?
7
What is the thousands digit of 208898876?
8
What is the billions digit of 1699216546?
1
What is the hundred thousands digit of 1784107670?
1
What is the hundreds digit of 135857390?
3
What is the millions digit of 6218698454?
8
What is the ten millions digit of 503958668?
0
What is the millions digit of 107814183?
7
What is the hundreds digit of 10608144?
1
What is the ten millions digit of 243993492?
4
What is the tens digit of 810037818?
1
What is the ten thousands digit of 422484817?
8
What is the hundred thousands digit of 18585378?
5
What is the billions digit of 2695822330?
2
What is the units digit of 847596057?
7
What is the hundreds digit of 338027383?
3
What is the hundreds digit of 212594122?
1
What is the ten thousands digit of 92307863?
0
What is the tens digit of 108115214?
1
What is the units digit of 174641680?
0
What is the hundred thousands digit of 2770911244?
9
What is the millions digit of 61084602?
1
What is the tens digit of 47215068?
6
What is the hundreds digit of 3309392?
3
What is the hundred thousands digit of 3461464?
4
What is the ten thousands digit of 213662294?
6
What is the billions digit of 3014120525?
3
What is the tens digit of 900819602?
0
What is the hundred thousands digit of 247499377?
4
What is the hundred thousands digit of 881403818?
4
What is the ten thousands digit of 21476109?
7
What is the hundred thousands digit of 87074355?
0
What is the ten millions digit of 80065243?
8
What is the ten millions digit of 538707587?
3
What is the hundred thousands digit of 82435351?
4
What is the ten millions digit of 2559795057?
5
What is the tens dig